{"id":61,"date":"2024-10-22T23:55:46","date_gmt":"2024-10-22T23:55:46","guid":{"rendered":"https:\/\/ccpjunin.pe\/ecommerce\/?post_type=product&#038;p=61"},"modified":"2024-12-03T17:52:53","modified_gmt":"2024-12-03T17:52:53","slug":"excel-para-contadores-nivel-intermedio","status":"publish","type":"product","link":"https:\/\/ccpjunin.pe\/ecommerce\/?product=excel-para-contadores-nivel-intermedio","title":{"rendered":"Excel para Contadores (Nivel Intermedio)"},"content":{"rendered":"<h3 class=\"tw-px-1.6 tw-py-1.2 tw-font-body4 tw-align-middle\"><strong>\u00bfQu\u00e9 aprender\u00e1s en este curso de Excel para contadores?<\/strong><\/h3>\n<ul>\n<li class=\"tw-px-1.6 tw-py-1.2 tw-font-body4 tw-align-middle\">Comprender\u00e1s c\u00f3mo obtener las tasas de inter\u00e9s y construir una tabla de amortizaci\u00f3n empleando Excel.<\/li>\n<\/ul>\n<p><strong>Temas:<\/strong><\/p>\n<ul>\n<li>M\u00d3DULO IV: HERRAMIENTAS DE PRONOSTICOS Y PROYECCIONES\n<ul>\n<li>Previsi\u00f3n<\/li>\n<li>Pron\u00f3sticos y proyecciones<\/li>\n<li>Buscar Objetivo<\/li>\n<li>Tablas de Datos<\/li>\n<li>Herramienta Solver<\/li>\n<li>Escenarios con variables din\u00e1micas<\/li>\n<\/ul>\n<\/li>\n<li>M\u00d3DULO V: FORMULAS FINANCIERAS\n<ul>\n<li>Financieras<\/li>\n<li>VNA<\/li>\n<li>TIR<\/li>\n<li>Per\u00edodo de Recuperaci\u00f3n del Capital<\/li>\n<\/ul>\n<\/li>\n<li>M\u00d3DULO VI: TABLAS DIN\u00c1MICAS\n<ul>\n<li>Confecci\u00f3n, dise\u00f1o y actualizaci\u00f3n de datos<\/li>\n<li>Vincular formulas a tablas din\u00e1micas<\/li>\n<li>Principales usos de las tablas din\u00e1micas<\/li>\n<li>Tableros de Comando<\/li>\n<\/ul>\n<\/li>\n<\/ul>\n","protected":false},"excerpt":{"rendered":"<p><strong>Excel para contadores (Intermedio)<\/strong><\/p>\n<h3 class=\"tw-px-1.6 tw-py-1.2 tw-font-body4 tw-align-middle\"><strong>\u00bfQu\u00e9 aprender\u00e1s en este curso de Excel para contadores?<\/strong><\/h3>\n<ul>\n<li class=\"tw-px-1.6 tw-py-1.2 tw-font-body4 tw-align-middle\">Comprender\u00e1s c\u00f3mo obtener las tasas de inter\u00e9s y construir una tabla de amortizaci\u00f3n empleando Excel.<\/li>\n<\/ul>\n","protected":false},"featured_media":62,"comment_status":"open","ping_status":"closed","template":"","meta":[],"product_brand":[],"product_cat":[17],"product_tag":[],"class_list":{"0":"post-61","1":"product","2":"type-product","3":"status-publish","4":"has-post-thumbnail","6":"product_cat-excel","8":"first","9":"instock","10":"virtual","11":"taxable","12":"purchasable","13":"product-type-simple"},"_links":{"self":[{"href":"https:\/\/ccpjunin.pe\/ecommerce\/index.php?rest_route=\/wp\/v2\/product\/61"}],"collection":[{"href":"https:\/\/ccpjunin.pe\/ecommerce\/index.php?rest_route=\/wp\/v2\/product"}],"about":[{"href":"https:\/\/ccpjunin.pe\/ecommerce\/index.php?rest_route=\/wp\/v2\/types\/product"}],"replies":[{"embeddable":true,"href":"https:\/\/ccpjunin.pe\/ecommerce\/index.php?rest_route=%2Fwp%2Fv2%2Fcomments&post=61"}],"wp:featuredmedia":[{"embeddable":true,"href":"https:\/\/ccpjunin.pe\/ecommerce\/index.php?rest_route=\/wp\/v2\/media\/62"}],"wp:attachment":[{"href":"https:\/\/ccpjunin.pe\/ecommerce\/index.php?rest_route=%2Fwp%2Fv2%2Fmedia&parent=61"}],"wp:term":[{"taxonomy":"product_brand","embeddable":true,"href":"https:\/\/ccpjunin.pe\/ecommerce\/index.php?rest_route=%2Fwp%2Fv2%2Fproduct_brand&post=61"},{"taxonomy":"product_cat","embeddable":true,"href":"https:\/\/ccpjunin.pe\/ecommerce\/index.php?rest_route=%2Fwp%2Fv2%2Fproduct_cat&post=61"},{"taxonomy":"product_tag","embeddable":true,"href":"https:\/\/ccpjunin.pe\/ecommerce\/index.php?rest_route=%2Fwp%2Fv2%2Fproduct_tag&post=61"}],"curies":[{"name":"wp","href":"https:\/\/api.w.org\/{rel}","templated":true}]}}